or of 410?
False
Is 881 a multiple of 6?
False
Does 3 divide 330?
True
Is 1352 a multiple of 13?
True
Is 15 a factor of 178?
False
Is 77015 a multiple of 73?
True
Is 14 a factor of 546?
True
Is 26 a factor of 24834?
False
Is 17554 a multiple of 33?
False
Is 73 a factor of 1679?
True
Does 204 divide 1632?
True
Does 8 divide 599?
False
Is 1386 a multiple of 22?
True
Is 119656 a multiple of 282?
False
Does 47 divide 1672?
False
Is 14 a factor of 7308?
True
Is 255 a factor of 13091?
False
Does 244 divide 18304?
False
Is 3492 a multiple of 6?
True
Is 851 a multiple of 42?
False
Is 2090 a multiple of 38?
True
Is 738 a multiple of 142?
False
Does 128 divide 86272?
True
Is 42 a factor of 8106?
True
Is 7 a factor of 11095?
True
Is 85 a factor of 4165?
True
Is 11590 a multiple of 10?
True
Is 848 a multiple of 4?
True
Is 44 a factor of 15790?
False
Is 14 a factor of 476?
True
Is 15 a factor of 1410?
True
Is 91 a factor of 5824?
True
Does 21 divide 35511?
True
Is 11460 a multiple of 100?
False
Is 107 a factor of 7811?
True
Is 93 a factor of 362?
False
Is 15 a factor of 9825?
True
Does 115 divide 2990?
True
Does 9 divide 4584?
False
Does 58 divide 8468?
True
Does 3 divide 2633?
False
Is 2838 a multiple of 22?
True
Does 26 divide 10868?
True
Is 7 a factor of 1988?
True
Is 2601 a multiple of 51?
True
Is 64 a factor of 2112?
True
Is 20119 a multiple of 31?
True
Is 3542 a multiple of 5?
False
Is 44 a factor of 1892?
True
Is 536 even?
True
Is 171 a multiple of 32?
False
Is 434 a multiple of 9?
False
Does 52 divide 5148?
True
Does 16 divide 944?
True
Does 206 divide 38026?
False
Does 14 divide 252?
True
Is 21 a factor of 1786?
False
Is 3466 a multiple of 40?
False
Is 9 a factor of 309?
False
Is 54150 a multiple of 25?
True
Does 27 divide 567?
True
Is 17 a factor of 579?
False
Is 3 a factor of 3612?
True
Is 524 a multiple of 10?
False
Is 16 a factor of 1839?
False
Is 95818 a multiple of 23?
True
Does 30 divide 46860?
True
Is 25 a factor of 225?
True
Does 33 divide 18150?
True
Is 3456 a multiple of 27?
True
Is 4305 a multiple of 8?
False
Does 14 divide 966?
True
Does 46 divide 1549?
False
Does 117 divide 10735?
False
Does 7 divide 5117?
True
Is 9 a factor of 234?
True
Is 35 a factor of 735?
True
Does 74 divide 49432?
True
Is 15 a factor of 1950?
True
Does 81 divide 1063?
False
Is 6 a factor of 206?
False
Is 1190 a multiple of 30?
False
Is 1340 a multiple of 3?
False
Does 55 divide 13660?
False
Is 367 a multiple of 4?
False
Is 37 a factor of 15375?
False
Is 37035 a multiple of 26?
False
Is 1455 a multiple of 5?
True
Is 5202 a multiple of 18?
True
Is 492 a multiple of 4?
True
Does 40 divide 240?
True
Is 271 a multiple of 13?
False
Is 3 a factor of 20?
False
Does 15 divide 3600?
True
Is 400 a multiple of 24?
False
Is 38 a multiple of 2?
True
Is 159 a factor of 30687?
True
Is 777 a multiple of 37?
True
Is 21 a factor of 504?
True
Is 546 a multiple of 94?
False
Is 243 a multiple of 27?
True
Is 44 a factor of 44?
True
Does 13 divide 9134?
False
Is 1348 a multiple of 5?
False
Is 15 a factor of 360?
True
Does 4 divide 14692?
True
Is 37 a factor of 55361?
False
Is 3 a factor of 5955?
True
Is 637 a multiple of 42?
False
Does 16 divide 128802?
False
Is 93 a factor of 199?
False
Is 2318 a multiple of 2?
True
Is 68 a factor of 5995?
False
Does 51 divide 10130?
False
Does 82 divide 79712?
False
Does 7 divide 722?
False
Is 7214 a multiple of 134?
False
Is 172 a multiple of 17?
False
Is 4416 a multiple of 46?
True
Is 153 a factor of 44370?
True
Is 48797 a multiple of 15?
False
Is 112 a factor of 15301?
False
Is 19 a factor of 703?
True
Is 24 a multiple of 4?
True
Is 9300 a multiple of 124?
True
Is 3570 a multiple of 19?
False
Is 45 a factor of 9405?
True
Does 133 divide 138827?
False
Is 405 a multiple of 15?
True
Is 1335 a multiple of 8?
False
Is 19547 a multiple of 21?
False
Is 7809 a multiple of 57?
True
Does 21 divide 2226?
True
Is 38 a multiple of 19?
True
Is 37 a factor of 962?
True
Is 33426 a multiple of 54?
True
Does 28 divide 7476?
True
Does 13 divide 1144?
True
Does 39 divide 6552?
True
Is 27 a factor of 135?
True
Is 304 a multiple of 5?
False
Is 6 a factor of 33777?
False
Does 8 divide 428?
False
Does 13 divide 312?
True
Does 61 divide 11102?
True
Is 133276 a multiple of 286?
True
Is 12626 a multiple of 4?
False
Is 4 a factor of 34764?
True
Is 52 a factor of 8164?
True
Is 400 a multiple of 16?
True
Is 27 a factor of 3361?
False
Is 663 a multiple of 17?
True
Does 12 divide 21928?
False
Is 3 a factor of 1922?
False
Is 11898 a multiple of 13?
False
Does 21 divide 2919?
True
Does 8 divide 14019?
False
Is 660 a multiple of 15?
True
Is 193 a factor of 3699?
False
Is 75 a factor of 1650?
True
Does 23 divide 1325?
False
Does 2 divide 4960?
True
Is 4 a factor of 468?
True
Is 76200 a multiple of 24?
True
Is 8967 a multiple of 7?
True
Does 4 divide 89?
False
Is 111 a factor of 38184?
True
Is 7 a factor of 34449?
False
Does 12 divide 20220?
True
Is 28 a factor of 420?
True
Is 4 a factor of 6?
False
Does 17 divide 1354?
False
Is 72 a factor of 288?
True
Does 81 divide 1134?
True
Is 1988 a multiple of 22?
False
Does 51 divide 16842?
False
Is 448 a multiple of 45?
False
Does 60 divide 54480?
True
Is 141 a factor of 8442?
False
Does 6 divide 66?
True
Does 48 divide 5125?
False
Is 393 a multiple of 7?
False
Is 2329 a multiple of 11?
False
Is 358 a multiple of 4?
False
Does 4 divide 237?
False
Is 67 a factor of 6707?
False
Does 62 divide 19902?
True
Is 95225 a multiple of 65?
True
Is 80 a factor of 8400?
True
Is 132 a factor of 132?
True
Is 21 a factor of 951?
False
Is 140 a factor of 1221?
False
Is 9 a factor of 306?
True
Does 8 divide 9718?
False
Is 8100 a multiple of 50?
True
Is 12 a factor of 2265?
False
Does 10 divide 5570?
True
Does 10 divide 560?
True
Is 25 a factor of 56950?
True
Does 9 divide 2799?
True
Does 13 divide 1706?
False
Is 82896 a multiple of 66?
True
Does 10 divide 200?
True
Is 8576 a multiple of 21?
False
Does 11 divide 1137?
False
Is 1708 a multiple of 39?
False
Is 121 a factor of 2299?
True
Is 200 a multiple of 5?
True
Is 5381 a multiple of 25?
False
Is 40 a factor of 4160?
True
Does 201 divide 25929?
True
Is 2 a factor of 157?
False
Does 16 divide 352?
True
Is 9 a factor of 26019?
True
Is 6 a factor of 808?
False
Does 20 divide 3929?
False
Is 2349 a multiple of 12?
False
Is 10941 a multiple of 21?
True
Is 25817 a multiple of 8?
False
Does 84 divide 5066?
False
Is 22 a factor of 88066?
True
Is 78 a multiple of 39?
True
Is 21 a multiple of 5?
False
Is 12 a factor of 259?
False
Is 14 a factor of 14?
True
Is 13300 a multiple of 20?
True
Is 3224 a multiple of 26?
True
Is 66 a factor of 22044?
True
Is 24 a factor of 1752?
True
Is 53 a factor of 536?
False
Is 2814 a multiple of 7?
True
Is 109 a factor of 1145?
False
Is 530 a multiple of 10?
True
Does 47 divide 1568?
False
Is 31 a factor of 53?
False
Does 17 divide 3387?
False
Is 92 a factor of 8858?
False
Is 18 a factor of 12348?
True
Does 260 divide 13520?
True
Does 8 divide 978?
False
Is 2 a factor of 98?
True
Does 56 divide 6356?
False
Does 42 divide 517?
False
Is 80 a factor of 160?
True
Is 15904 a multiple of 14?
True
Is 1800 a multiple of 25?
True
Is 1792 a multiple of 42?
False
Does 13 divide 3744?
True
Is 37 a factor of 999?
True
Is 478 a factor of 106759?
False
Is 70966 a multiple of 53?
False
Does 8 divide 938?
False
Is 1337 a multiple of 11?
False
Is 14315 a multiple of 22?
False
Is 16 a factor of 806?
False
Does 28 divide 2280?
False
Is 13 a factor of 390?
True
Is 624 a multiple of 13?
True
Is 16 a factor of 1154?
False
Is 22173 a multiple of 9?
False
Is 422 a multiple of 27?
False
Is 17 a factor of 1071?
True
Is 20 a factor of 22980?
True
Is 110883 a multiple of 406?
False
Is 880 a multiple of 11?
True
Does 49 divide 2303?
True
Does 216 divide 20810?
False
Is 20 a factor of 2240?
True
Is 10547 a multiple of 53?
True
Is 18 a factor of 1080?
True
Does 33 divide 1429?
False
Is 19 a factor of 2432?
True
Is 6507 a multiple of 67?
False
Is 162 a multiple of 7?
False
Is 10 a factor of 1559?
False
Is 51537 a multiple of 123?
True
Does 84 divide 2604?
True
Is 7 a factor of 5532?
False
Is 5312 a multiple of 175?
False
Is 679 a multiple of 20?
False
Does 15 divide 1290?
True
Is 752 a multiple of 4?
True
Does 8 div